tors of r(7)?
2, 5, 277
Let s = -33 + 33. What are the prime factors of (-193)/(-3) - (s - 2/(-6))?
2
Suppose w = 5*w - 36. Suppose -b = 4 - w. Suppose -b*z - 5*v = -40, z + 4*v = 2*z - 18. List the prime factors of z.
2, 5
List the prime factors of (644/(-6))/(19/(-57)).
2, 7, 23
Let j(s) = -s**3 - 5*s**2 - 4*s. Let r be j(-4). List the prime factors of (3/4 + r)/((-14)/(-728)).
3, 13
Suppose 23 = -2*p - p - 2*u, 5*u + 25 = -p. What are the prime factors of 558/30 - 2/p?
19
Let f be ((-117)/(-45) - 3) + 1543/(-5). Let y = -181 - f. What are the prime factors of y?
2
Let c = 17 - 17. Suppose s + 2*o - 94 = 0, 3*s - 3*o + c*o - 264 = 0. What are the prime factors of s?
2, 3, 5
Suppose 3*d = 9, 2*r + 4*d = -r + 3168. List the prime factors of r.
2, 263
Suppose 4*v = -2*b + 644, -2*b + v + 447 = -187. List the prime factors of b.
2, 3, 53
Suppose -105 = 5*g - 5*y, -94 - 7 = 5*g - y. Let i be (-8)/(-10) + 484/20. Let b = g + i. List the prime factors of b.
5
Let c = 3848 - 1113. What are the prime factors of c?
5, 547
What are the prime factors of 9672/18 + ((-8)/(-3))/4?
2, 269
Suppose 6*z = 2*z + 3228. What are the prime factors of z?
3, 269
Let a be -3 - (4 - -14) - 3. Let v be a/(-20)*10/6. Suppose -v*j + 8*j - 204 = 0. List the prime factors of j.
2, 17
Let f(d) = -d**3 - 10*d**2 - 12*d - 21. Suppose 2*w + 3 + 15 = 0. What are the prime factors of f(w)?
2, 3
Suppose -2*y - 2*s + 244 = s, -2*y + s = -228. Let j(t) = -t - 71. Let m be j(6). Let i = m + y. What are the prime factors of i?
3, 13
Let d = -2203 + 3376. List the prime factors of d.
3, 17, 23
Suppose -172*f = -164*f. Let z(v) = -v + v**3 + 28 - 10 + 32. List the prime factors of z(f).
2, 5
Let m = -2581 - -4150. List the prime factors of m.
3, 523
Let a = -3161 - -4428. What are the prime factors of a?
7, 181
Let a = 443 - 174. List the prime factors of a.
269
Let b(t) = t - 1. Let s(h) = -65*h + 19. Let x(o) = 6*b(o) - s(o). List the prime factors of x(3).
2, 47
Suppose 0 = -18*s + 26*s - 2552. What are the prime factors of s?
11, 29
Let r(j) = 5*j**3 - 18*j**2 - 6*j + 6. Let c(y) = y**3 - y**2 - y. Let n(l) = 6*c(l) - r(l). Let o be n(-12). List the prime factors of -2*(-17)/o*-9.
3, 17
Let z(g) = -g**3 + 6*g**2 + 5*g - 3. Let l = 25 - 20. Suppose 0 = -0*m - l*m + 25. What are the prime factors of z(m)?
47
Let s(k) be the first derivative of -9*k**2/2 + 4*k - 2. List the prime factors of s(-8).
2, 19
Let c = -2 - -2. Suppose -5*q - j - 2*j = -37, c = -2*q - 5*j + 30. Suppose b = 5*x + 49, 2*x + 140 = q*b - 2*x. List the prime factors of b.
2, 3
Let z = 200 + 297. What are the prime factors of z?
7, 71
Let x = 54 + -52. Suppose -5*m - 265 + 101 = -x*z, 82 = z - m. List the prime factors of z.
2, 41
Suppose 3351 = 4*f + t, 6*t - 3*t = 9. What are the prime factors of f?
3, 31
Suppose 0 = 3*d - 6*d + 3, -4*v + 36 = -4*d. Suppose v = -2*c + 22. What are the prime factors of c?
2, 3
Let j(s) = -2*s**2 - 18*s + 4. Let x = 33 - 23. Let f = -18 + x. List the prime factors of j(f).
2, 5
Let r be -5 + 1 + -14 + -198. Let i = -95 - r. List the prime factors of i.
11
Let y(u) = -6*u**3 + 3*u**2 + 2*u - 2. Suppose -9*w - 16 = -10*w. Suppose -w = -2*x + 6*t - t, -2*t = 5*x + 18. What are the prime factors of y(x)?
2, 3
Let x(p) = -95*p + 29. List the prime factors of x(-2).
3, 73
Suppose -2*n = d + d - 90, 2*n - 231 = -5*d. Suppose 0 = -51*x + d*x + 164. What are the prime factors of x?
41
Let q(i) = 34*i**2 + 3*i - 2. Let u be q(2). Suppose 3*s - 2*j - u = s, 3*j + 6 = 0. List the prime factors of s.
2, 17
Suppose 0 = -y - 299 + 1032. Let k = y + -495. List the prime factors of k.
2, 7, 17
List the prime factors of -39*(-9)/(-81)*-471.
13, 157
Let a(v) = 16 + 10*v - 2*v + 3*v. Let m(b) = -5*b - 8. Let c(y) = 3*a(y) + 7*m(y). List the prime factors of c(-7).
2, 3
Let k(w) = 16*w**3 + 2*w**2 - 2*w. List the prime factors of k(1).
2
List the prime factors of -9322*(77/22 + -4).
59, 79
Suppose 2320 = 5*t - 4*u - 12383, -2*t + 9*u + 5896 = 0. List the prime factors of t.
2939
Let w(t) = 76*t - 19. What are the prime factors of w(1)?
3, 19
List the prime factors of 87/(-5 - (-440)/85).
17, 29
Suppose 0 = -2*h - 3*h + 15. Suppose h*g - 2*w = 205, 4*w = 4*g - 300 + 20. List the prime factors of g.
5, 13
Suppose 81*i + 1384 = 83*i. List the prime factors of i.
2, 173
Let f be (-324)/(-30)*(-20)/(-6). Suppose -v = -f - 16. Suppose 4*x + 0*x + 4*h - 64 = 0, 5*x - v = 2*h. What are the prime factors of x?
2, 3
Suppose 2 = -m + 5*p + 3, -29 = 3*m + p. List the prime factors of (m/2)/(15/(-320)).
2, 3
Let c be (10/4 + -3)*-6. Suppose 4*v - 3 = -5*a, -2*a - c*v - 5 = -2. Let w = a + 14. What are the prime factors of w?
17
Let l = 407 + -459. Let k be 10*(1 - (-10)/(-4)). Let r = k - l. What are the prime factors of r?
37
Suppose -11*s = 6 + 5. What are the prime factors of (-1)/((-1 + 8/7)/s)?
7
Let u be (-6)/4 + (-6)/(-12). What are the prime factors of u/5 - 384/(-20)?
19
Suppose -3*m + 24 = -3*j, -2*j = 2*m + 2*j + 14. Suppose -m*h + 202 + 89 = 0. List the prime factors of h.
97
Let b be 244/16 - (27/12 + -3). Let k = b + 32. List the prime factors of k.
2, 3
Let i(h) = -396*h - 159. What are the prime factors of i(-5)?
3, 607
Suppose 0 = 3*u - 2446 + 373. What are the prime factors of u?
691
Let g(a) = -a - a**2 + 16 - 10 + 10*a. Let f be g(5). Suppose 5*v - f = -1. List the prime factors of v.
5
Let n be (-152 + 2)/(0 + -1). Suppose 6*u - u = -n. Let k = -15 - u. What are the prime factors of k?
3, 5
Let s(g) = 8*g**2 + 4*g + 3. Let a be ((-45)/(-75))/(2/(-10)). What are the prime factors of s(a)?
3, 7
Let b(n) = 24*n**2 - n + 1. Let o be 1 - (2 + 1 + -3). Let x be b(o). Suppose -2*c + 66 = x. List the prime factors of c.
3, 7
Let r = -19 + 28. Let k = r - 12. Let q = k - -21. What are the prime factors of q?
2, 3
Suppose -2*k - j = -1238, 0 = -4*k + j - 0*j + 2482. What are the prime factors of k?
2, 5, 31
Let x be (-13)/26 - (-482)/4. Let v = 324 - x. List the prime factors of v.
2, 3, 17
Let i(w) = -3*w**3 - 47*w**2 + 17*w. What are the prime factors of i(-17)?
3, 17
Suppose 7*n = -0*n + 56. Suppose n*l - 200 = 4*l. List the prime factors of l.
2, 5
Let o be ((-5)/(-15))/((-1)/(-417)). Let z = 146 + -106. Suppose -o = -3*l - z. List the prime factors of l.
3, 11
Let h = 425 + -204. Suppose -h = 9*m - 1454. List the prime factors of m.
137
Let j be -4*(-3)/(-6) - (-13 + 23). Let r be 4/(-2) + (-2 - -7). List the prime factors of r*1/(j/(-20)).
5
Let c be 123/9 + (-1)/(-3). Let y(g) = -10 + c + 11*g - 5. List the prime factors of y(2).
3, 7
What are the prime factors of (-10)/(-2) + (137550/(-7))/(-10)?
2, 5, 197
Suppose -5*b = 159 - 44. Let c = b - -30. What are the prime factors of c?
7
Let v = -4 - -7. Suppose -50 = -2*o + 7*f - 2*f, -5*o = v*f - 156. List the prime factors of o + -4 + (-4 - -7).
29
Suppose 0 = 59*f - 52*f - 1771. List the prime factors of f.
11, 23
Let l(v) = 23*v + 3. Let g be l(7). Let h = -67 + g. What are the prime factors of h?
97
Let i(g) = -4*g - 35. Let m be i(-17). Suppose m*p - 57 = 30*p. What are the prime factors of p?
19
What are the prime factors of ((-80)/(-3))/(66/1287)?
2, 5, 13
Let x(d) be the second derivative of 3*d**5/10 + d**4/3 - d**3/6 - 3*d**2/2 - 11*d. What are the prime factors of x(2)?
59
Let u = 33 + -31. List the prime factors of (210/u)/((-3)/(-2)).
2, 5, 7
Let n = 10 + -20. What are the prime factors of (4860/(-25))/(-6) - (-4)/n?
2
Suppose -5*q + 31 - 11 = -4*g, -21 = -2*q - g. Let y = 10 - q. Suppose t = y*s - 36, -s + 28 = -t + 3*t. What are the prime factors of s?
2, 5
Let k(t) = 7*t - 9. Let a(z) = 2*z + 2. Let w = -5 - -6. Let s be a(w). List the prime factors of k(s).
19
Suppose -3*l + 27 = -51. Suppose 5*m - 2*q - 31 = 0, 8*q = -2*m + 3*q - 5. Suppose -3*f = -m*f + l. List the prime factors of f.
13
Let w(b) = -29*b - 26. Let l be w(-1). Let d(s) = s**3 + 6*s**2 + 4*s - 1. Let j be d(-5). Suppose -k = -l*k + j. List the prime factors of k.
2
Let d be ((-30)/7)/(7/((-588)/18)). List the prime factors of (4/d)/(-1) + 1586/5.
317
Let g = 60 - 51. What are the prime factors of ((-52)/5)/(g/(-180))?
2, 13
Suppose 16 - 52 = -2*m. Suppose -240 = 12*q - m*q. List the prime factors of q.
2, 5
Suppose 5*z = 5*a, 2*a + 1 = 5. Suppose 4*m = -z*r + 4,